hat are the prime factors of d(z)?
2, 3, 11
Let s(j) = 2*j**2 + 2*j + 67. Let p(v) = -v**3 + v**2 + v. Let z(q) = -2*p(q) + s(q). Suppose -5 = t - i, -t - 10 = -5*i + 15. List the prime factors of z(t).
67
Let q be -2 - -1 - (2 + -6). Let c be ((-2)/((-4)/(-6)))/(q/(-366)). Suppose -6*n + 396 = -c. List the prime factors of n.
127
Let a(m) = 3*m**2 - 3*m + 41. Suppose -5*p - 104 = -49. What are the prime factors of a(p)?
19, 23
Let r be (-2)/4*-694*(-2 + 3). Suppose 4*v = 3*t - v + 359, -3*t = -2*v + r. Let g = t - -260. What are the prime factors of g?
3, 7
List the prime factors of 1538406/217 + (-10)/7.
2, 443
Let i be 2705/(-2 - 3)*-21. Suppose -40*l = -19*l - i. What are the prime factors of l?
541
Suppose -6*j = -4*j + 3*l + 1, j + 5 = 3*l. List the prime factors of ((-3)/j)/(-3) - 16008/(-16).
2, 5
Let g(v) = -39*v + 1330. Let n(i) = i**3 - 9*i**2 - 5*i + 45. Let o be n(9). List the prime factors of g(o).
2, 5, 7, 19
Let a(m) = -m**3 - 5*m**2 - m - 2. Let o(n) = 2*n**2 - 7*n - 26. Let y be o(6). Let q be y/(((-3)/(-2))/((-6)/2)). List the prime factors of a(q).
2, 3, 11
Suppose 0 = 36*c - 10*c - 390. Suppose -2*b - 442 = -2*r, 3*r - 628 = -19*b + c*b. What are the prime factors of r?
2, 3
List the prime factors of ((-6)/27*3)/((-2)/14940).
2, 3, 5, 83
Let a = -58 + 76. What are the prime factors of 4*a - (-42 - -42)?
2, 3
Let r be (6566/35)/(2/10). Suppose 3*d + 6 = 4*s - 7*s, 0 = s + 2*d + 4. Suppose s*i = 7*i - r. What are the prime factors of i?
2, 67
Let t(s) = 2*s**2 - 2*s - 29. Let u be t(8). Let b = u + -77. Suppose -6*o + o = 3*h - 629, 3*h + b = 0. What are the prime factors of o?
127
Let l(s) = 7*s + 4258*s**3 + 4*s**2 - 5*s**2 + 60 - 4259*s**3. List the prime factors of l(-9).
3, 5, 43
Let u be -10 + 14 - (1 - 73*-1). Let z be u/22 + (-30)/(-165). List the prime factors of 1011/4 + -4*z/48.
11, 23
Suppose -17*c = -13*c + 3*r + 5520, 5*c + 3*r + 6900 = 0. Let v = c - -2898. List the prime factors of v.
2, 3, 11, 23
Let k = -9 - -9. Suppose -5*h - 29 = -2*s, -4*h + k*s = -s + 25. Let u(a) = 3*a**2 + 10*a + 16. List the prime factors of u(h).
3, 31
Let n(r) = 10*r**2 + 111*r - 1523. List the prime factors of n(-76).
13, 3677
Let y(w) be the second derivative of -19*w**3/6 - 9*w**2 - 12*w. Let s be y(-7). What are the prime factors of (92/s)/(2/5)?
2
Suppose 2*d - 41 = -5*m, 5*d + 0*m - 5*m = 155. List the prime factors of (-25)/20*5*d/(-1).
5, 7
Suppose -55*o + 52*o + 18325 = 5*j, -j + 5*o = -3665. What are the prime factors of j?
5, 733
List the prime factors of (-19022)/(2/(-2 + -2)).
2, 9511
Suppose 66*v - 480901 = 26*v - 91*v. List the prime factors of v.
3671
Let o = 3479 + -2331. Suppose 3*m - 3461 = -o. List the prime factors of m.
3, 257
Let l = 33 - 30. Suppose -970 = -3*f + 5*m, -l*f - 4*m + 261 = -691. Suppose b - 3*q = 72, -6*b + 4*q + f = -2*b. What are the prime factors of b?
2, 3, 7
Let k = 47 + -39. Suppose -7*j + k*j = 5. Suppose -h + 0*h - 151 = -2*v, 350 = j*v + 3*h. What are the prime factors of v?
73
List the prime factors of 370/296 + 82795/12 + 10/(-12).
2, 3, 5, 23
What are the prime factors of 9*-2398*((-6)/(-10))/((-45)/50)?
2, 3, 11, 109
Suppose -14*c = -5*c - 90. Let d be (-2)/(-5)*(-4)/(-1)*c. What are the prime factors of (-4)/d*0 + 74?
2, 37
Let t = 238 - -210. Suppose 4*q + t = w + 49, w - 3*q = 398. What are the prime factors of w?
5, 79
Suppose 108*r - 146548 - 223676 = 0. List the prime factors of r.
2, 857
Let x = -29455 - -42207. What are the prime factors of x?
2, 797
Suppose -8*m + 27825 + 4559 = 0. List the prime factors of m.
2, 11, 23
Let m be (-62)/93*(-927)/1. Suppose -79 = 49*l - m. List the prime factors of l.
11
Suppose 2*k + 3*t = 1, 0*t - 10 = -3*k + 4*t. Let j be 6/21 - k/7. Suppose -5*q + 197 = -4*d - 24, j = 4*q + 2*d - 182. List the prime factors of q.
3, 5
Let j be 1 - -487 - 3/1. Suppose 0 = 5*z - 30 - 0. Suppose -z*c + c = -j. List the prime factors of c.
97
Let z(p) = -11*p**2 - 4 + 22*p**2 - 10*p**2. Let a be z(3). Suppose r + a*x = 102, 488 = 5*r + 3*x - 0*x. List the prime factors of r.
97
Let r(g) = -2*g - 60. Let w be r(-11). Let j = 200 - w. What are the prime factors of j?
2, 7, 17
Suppose -10 = 13*g + 3. List the prime factors of ((-5370)/15)/(0 + g).
2, 179
Let s(x) = 7*x**2 - 7*x + 6. Suppose y - 77 = -10*y. What are the prime factors of s(y)?
2, 3, 5
Suppose w - 13 = 5*c + 4, w + 13 = -5*c. Let i be 44/2 - 9/c. Let q = 32 - i. What are the prime factors of q?
7
Let p = -105 - 257. Let s = -167 - p. List the prime factors of s.
3, 5, 13
Suppose 3*s = -2*i + 7*i + 65209, 5*s - 108775 = -5*i. What are the prime factors of s?
2, 5437
Let h = 23656 - 10411. What are the prime factors of h?
3, 5, 883
Let x = -61 - -54. Let g be (-332)/4*(0 - 1). Let b = g + x. List the prime factors of b.
2, 19
Let j(m) = 74*m**3 - 63*m**2 + 356*m - 1. List the prime factors of j(6).
11, 131
Suppose -8*n + 13 = 13. Suppose 0*x - 4*x + 9*x = n. Suppose -q + 105 = 4*k - x*q, -2*k + 55 = 3*q. List the prime factors of k.
2, 13
Let c = -145 + 149. Suppose 5*n = 5*b + 30, 6*b + 21 = c*n + b. List the prime factors of (540/(-16))/(n/(-48)).
2, 3, 5
Suppose 37*t - 126763 = -94303 + 155685. List the prime factors of t.
3, 5, 113
Let b = 351 + -336. List the prime factors of 9433/b - (-2 - (-28)/15).
17, 37
Let z = 11181 + 38243. What are the prime factors of z?
2, 3089
Let a be -12*4/18*(-6)/4. Suppose 4*j = -5*x + 91, -a*j - j + 80 = 4*x. What are the prime factors of 132 - x/(-10)*(-4)/3?
2, 5, 13
List the prime factors of ((0 - (-15)/(-18)) + 0)*-5118.
5, 853
Let z(l) = 45*l**2 - 60*l + 786. What are the prime factors of z(40)?
2, 3, 11731
Let r(x) = 20*x**3 - 23*x**2 - 22. Let w(h) = -7*h**3 + 8*h**2 + 7. Let c(q) = -3*r(q) - 8*w(q). What are the prime factors of c(-4)?
2, 173
Let k be (10 - 0)/(8/(-228)). Let w = k + 743. List the prime factors of w.
2, 229
Let b(k) = 2*k**2 + 42*k + 120. Let j(u) = -u + 1. Let m(a) = b(a) + 6*j(a). List the prime factors of m(-25).
2, 7, 17
Suppose -4701 = -20*d + 17*d. What are the prime factors of d + 3/3 - 9?
1559
Let q(g) be the third derivative of g**4/2 + g**3/6 - 12*g**2. Suppose -6 = 3*j - 12. List the prime factors of q(j).
5
Suppose 0 = -r + 4904 + 6792. What are the prime factors of r?
2, 17, 43
Suppose 2*o = -5*y + 7162 - 2286, 2*o - 4844 = 3*y. List the prime factors of o.
2, 607
Suppose 4*z - 3810 = r, -8*z = -4*z + 4*r - 3800. Suppose -19*b + 3843 = -15*b + 5*m, 0 = b + 3*m - z. List the prime factors of b.
967
Suppose -2*k = -4*k + 946. Let j = 200 - k. Let q = 441 + j. What are the prime factors of q?
2, 3, 7
Suppose 0*t = 4*t + 16, 4*h + 4*t = -396. Let o = h + 180. List the prime factors of o.
5, 17
Let s(p) = -420*p + 929. What are the prime factors of s(-21)?
9749
Let k be (1*(-16)/24)/(4/438). What are the prime factors of (7 - 3)/((-2)/k)?
2, 73
Let q(v) = 44*v - 184. Let w be q(-8). Let f = 1920 + w. List the prime factors of f.
2, 173
What are the prime factors of ((-3990)/8)/(9 - 5790/640)?
2, 5, 7, 19
Let b(k) = -747*k + 1226. List the prime factors of b(-6).
2, 1427
Let z(c) = -260*c**3 - 47*c**2 - 126*c - 5. What are the prime factors of z(-4)?
7, 2341
Let t(s) be the second derivative of -s**5/10 - s**4/12 + 2*s**3/3 + 5*s**2/2 + 3*s - 16. What are the prime factors of t(-5)?
2, 3, 5, 7
Let t(m) = 6*m**2 - 2*m - 17. Let h be t(-4). Let s(k) = k**3 + 6*k**2 + 4*k - 3. Let b be s(-5). Suppose -b*j + h = j. List the prime factors of j.
29
Let i(s) = -10*s - 16. Let q be i(-12). Let f be (1/3 - q/24)*1. List the prime factors of (0 - 1)*f + 22.
2, 13
Let q = 178 + -175. Suppose q*k + 0*k - 2*x - 228 = 0, x = -3. List the prime factors of k.
2, 37
What are the prime factors of 2 + (980256/(-10))/(-6) + 3/(-5)?
16339
Let a = 18880 - 12269. List the prime factors of a.
11, 601
Let x = 377 - 387. Let w(p) = -75*p - 32. List the prime factors of w(x).
2, 359
Let r(i) = 32*i**2 - 2*i - 6. Let f be r(4). Suppose f = 5*j - 1772. Suppose j = 4*v - 334. What are the prime factors of v?
197
Let a = -113 - -107. Let v(m) = m**3 + 5*m**2 - 2*m + 26. Let o be v(a). Suppose -3*d = 5*h + d - 1440, o*d + 302 = h. List the prime factors of h.
2, 73
Let l be 703 + -4*-3*6/(-36). Let r = -47 + l. List the prime factors of r.
2, 3, 109
Suppose